+ 6. Calculate the remainder when m(-6) is divided by h.
0
Let c(o) = -o + 6. Let z be c(4). Suppose 160 = -3*b - z*b. Let n = -14 - b. Calculate the remainder when n is divided by 2.
0
Let w(c) = -c**3 - 41*c**2 + 28*c + 1200. What is the remainder when 428 is divided by w(-41)?
12
Calculate the remainder when ((-148)/(-5))/(-1 - -8 - 924/140) is divided by 1/2*(3 + 19).
8
Let q(w) = -2*w**3 - 26*w**2 - 63*w - 18. Calculate the remainder when 3247 is divided by q(-10).
7
Let k(g) = 2*g**3 - g**2 + 2*g + 1. Let h be k(2). Suppose -14*s - 162 = -h*s. What is the remainder when 105 is divided by s?
51
Suppose 2*h - 10*y - 102 = -15*y, -3*h = -2*y - 115. Suppose x + 0*n - 142 = n, 593 = 4*x + n. What is the remainder when x is divided by h?
24
Suppose 3*n + 151 - 148 = 0. Calculate the remainder when 3 + n + (0 - -4) + 92 is divided by 33.
32
Let u(x) = -5*x + 40. Let h be (-4)/10 - 252/(-30). Let l be u(h). Suppose 0*c - 15 = -c + j, l = -c - 2*j + 18. What is the remainder when c is divided by 11?
5
Let o be (-615)/(-35) + (2 - 11/7). Calculate the remainder when 3*((-16140)/o)/(-10) is divided by 10.
9
Let s(l) = -8*l + 16. Suppose 3*v - 9 = -p, 2*p - 4*v - 6 = 2. Suppose -z - i = -27, p + 6 = 3*i. Calculate the remainder when s(-3) is divided by z.
17
Let n = -145 + 203. Suppose u = -u + n. Let m = 25 + -10. Calculate the remainder when u is divided by m.
14
Let o(i) = i**3 + 9*i**2 + i + 6. Let u be o(-5). Let a = -78 + u. What is the remainder when 67 is divided by a?
21
Let p(h) = 374*h + 2650. Let x = 44 + 69. What is the remainder when x is divided by p(-7)?
17
Let k be 22 + -19 + 43*4. Suppose -4*d = -9*d + k. Suppose -3*l - 3 = 0, -5*q + 673 = 3*l - 6*l. What is the remainder when q is divided by d?
29
Let w = -1179 + 1258. Suppose 38 = 3*d - 2*g, 2*d - 2*g - 14 - 10 = 0. Calculate the remainder when w is divided by d.
9
Suppose 3*a + 25 = 5*t, 4*t = 9*t - 4*a - 30. Suppose -5*h + t*r = -407 + 167, 192 = 4*h - 4*r. Calculate the remainder when 84 is divided by h.
36
Suppose -5*s = -3*k - 511, -3*k + 13 = -8*k + 3. Suppose -5 = -p + 2*i + 14, 23 = p + 2*i. What is the remainder when s is divided by p?
17
Suppose -308791 = 130*l - 3163331. Calculate the remainder when l is divided by 360.
358
Let m = -493 - -497. Suppose -m*j + 7*j = 747. Calculate the remainder when j is divided by 25.
24
Let q(k) = -7*k**2 - 103*k - 5. Calculate the remainder when q(-4) is divided by 11.
9
Let l = 708 - 699. Suppose -8*n + 12 = -l*n + 5*m, 0 = -5*n + 5*m. Suppose -3*d - d = -92. Calculate the remainder when d is divided by n.
2
Suppose -39*x + 47020 = -1808. What is the remainder when x is divided by 20?
12
Let m be -3 + 1/(4/76). Let s = 23 - m. Let y = 627 - 593. Calculate the remainder when y is divided by s.
6
Suppose -17*u + 22*u - 4*j - 20 = 0, -4*j + 52 = 4*u. Suppose c = -3*t + 92, -u*t + 5*t + 2*c + 86 = 0. Calculate the remainder when 30 is divided by t.
0
Let i(g) = 18*g + 2. Let z = 32 + -22. Suppose -3*n + 90 = 3*s, s - z = 6*n - 2*n. Calculate the remainder when i(4) is divided by s.
22
Suppose 74*q - 39*q - 45*q + 330 = 0. Calculate the remainder when 259 is divided by q.
28
Suppose -3*c + 159 = -c + 5*d, 2*c - 152 = -4*d. What is the remainder when 1191 is divided by c?
13
Let f be (-2)/(-6)*0 - -1. Let l(b) = 18*b**2 + 2*b - 2. Suppose 56*p = 35*p + 210. Calculate the remainder when l(f) is divided by p.
8
Let m(w) = 202*w + 1447. What is the remainder when 12306 is divided by m(-7)?
30
Let d be (-4 - -2)*((-9)/(-6) - 0). What is the remainder when 21 is divided by d*4/(108/(-117))?
8
Let n = 2160 - 2146. Calculate the remainder when 64 is divided by n.
8
Let h(l) = 17*l - 31. Let n(k) = 138*k - 249. Let a(x) = -33*h(x) + 4*n(x). Calculate the remainder when a(-4) is divided by 11.
8
Let g(n) = -599*n - 69. Let j be g(-5). Suppose 11*q = -11*q + j. What is the remainder when q is divided by 68?
65
Let h = -2482 - -3109. Suppose -8*j = -15*j + 70. What is the remainder when h is divided by j?
7
Suppose -o + 47 = 2*l, 4*o = -5*l + 73 + 55. Calculate the remainder when 473 is divided by l.
13
Let o(c) = -32*c - 9. Suppose 6537*i + 279 = 6546*i. Calculate the remainder when o(-6) is divided by i.
28
Suppose -4*m = -3*x - 9*m + 17, -3*m + 55 = 5*x. Suppose i = x + 12. Calculate the remainder when (-1 + 4)/(3/i) is divided by 14.
12
Calculate the remainder when (5534/8)/(17 - 24460/1440) is divided by 44.
42
Let n(k) = -2*k**2 + 35*k - 98. Suppose -65 = 7*y - 12*y. Let p(x) = -x + 20. What is the remainder when n(13) is divided by p(y)?
5
Let j be 484/(-10) + (-6)/(-15). Let q = -50 - j. Let a(i) = -i**3 + 2*i**2 - i - 4. What is the remainder when a(q) is divided by 5?
4
Let f(h) be the third derivative of -h**5/60 - 11*h**4/24 - 5*h**3/6 - 2*h**2. Calculate the remainder when (-12120)/(-252) + 2/(-21) is divided by f(-9).
9
Suppose -4*g - 4*o + 140 = 0, 4*g - 15*o = 1 + 6. What is the remainder when g is divided by -2*30/8*-2?
13
Suppose 10 = 2*z, -5*f + 7*f + 4*z - 70 = 0. Suppose 0 = 5*b + 2*r - 17, -b + 2*r + f = -3*r. What is the remainder when 338 is divided by b?
3
Let r be ((-4962)/(-36) - 5) + 3/18. Suppose -5*q = -3*u + 207 - 20, r = 2*u - 5*q. Calculate the remainder when 808 is divided by u.
52
Suppose -6*i + 915 = -1485. What is the remainder when i is divided by 59?
46
Let b(c) = -c**3 + c + 2. Let d be b(2). Let i = 846 + -815. Calculate the remainder when 6/d*(-484)/6 is divided by i.
28
Let f = 152 + -87. Let m(v) = 2*v**2 + 15*v - 14. Let q be m(1). Suppose 0 = q*u - 189 + 123. What is the remainder when f is divided by u?
21
Let g = 10 + -2. Let v(k) = k**2 + 84*k - 426. Calculate the remainder when v(5) is divided by g.
3
Let u(j) = -j**2 + 2*j + 34. Let f be u(0). Let p = f + -30. Suppose -s - g - p*g + 1 = 0, 2*s - 16 = -3*g. What is the remainder when s is divided by 6?
5
Let k(t) = -t**2 + t - 1. Let r be k(2). Calculate the remainder when ((-8)/r)/4 - 574/(-21) is divided by (-5 + 1)/(11/((-385)/14)).
8
Let z(x) = -80*x - 70. Calculate the remainder when z(-4) is divided by 60.
10
Suppose -5*r - 16 = 3*u - 477, 2*r + 727 = 5*u. Calculate the remainder when 149 is divided by u.
2
Suppose -6485 = -7*z + 4687. Calculate the remainder when z is divided by 152.
76
Suppose -r = -2*w + 129, -265*w - r = -264*w - 60. What is the remainder when 180 is divided by w?
54
Suppose -r = -5*u + 5108 + 513, 0 = 5*u + 5*r - 5615. Calculate the remainder when u is divided by 71.
59
Let w = 26 + -32. Let r = -693 - -700. Calculate the remainder when (w/7)/(6/(-126)) is divided by r.
4
Suppose 3*w = -2*v - 2*v + 58, 18 = 2*v - 4*w. Calculate the remainder when (-16)/6*(2376/(-16))/9 is divided by v.
5
Let t = -15 + 34. Suppose 25 - 842 = -t*g. What is the remainder when 428 is divided by g?
41
Let z be -76*(-3)/12*2. Let h = z + -4. Suppose 3*r = 5*c - 258, r - 146 + h = -2*c. What is the remainder when 215 is divided by c?
53
Let s(t) = 7*t - 220. Let v be s(0). Let a = v - -387. What is the remainder when a is divided by 60?
47
Suppose -35 = 3*u + 100. Let o = 98 + u. What is the remainder when o is divided by 34?
19
Suppose -5*d = -b - 1358, b - 645 - 445 = -4*d. Let p = 290 - d. Calculate the remainder when 304 is divided by p.
16
Let i(k) be the third derivative of -k**4/6 - k**3/3 + 2*k**2 - 5. What is the remainder when 47 is divided by i(-3)?
7
Suppose -18*l = 4*m - 14*l - 12, m - 4*l = 18. Let k(b) = 26*b - 128. Calculate the remainder when 86 is divided by k(m).
2
Suppose -149*i + 259*i = 4400. What is the remainder when 80 is divided by i?
0
Let b = -4 + 9. Let s = 1395 + -1299. What is the remainder when s is divided by b*(2 - (3 + -5))?
16
Let o = 48 + -24. Calculate the remainder when -5 - (34 + (-88 - -6)) is divided by o.
19
Let v be (-2 - 1)/((-2)/2). Let w(n) = 17*n**3 - 3*n + v*n - n**3 - 3*n**2 + 1. Calculate the remainder when 23 is divided by w(1).
9
Suppose 2*h + 72 = 3*r - r, -3*r - h + 108 = 0. Suppose -4*x = 0, -5*y - 4*x + 593 + 1017 = 0. What is the remainder when y is divided by r?
34
Let c(r) = 11*r**2 + 17*r - 35. Let j(m) = 5*m**2 + 8*m - 17. Let k(h) = 6*c(h) - 13*j(h). What is the remainder when k(5) is divided by 14?
12
Suppose 46 = 3*w - 2*z, 0 = -4*w + 9*z - 6*z + 62. Calculate the remainder whe